11
160111205 (base 7) to base 2
101000111010100101010001
1711376 (base 8) to base 16
792fe
-3312344 (base 9) to base 14
-344868
Convert -8964 (base 13) to base 15.
-5a39
What is 145268 (base 11) in base 14?
5c80a
30d5b8 (base 14) to base 15
228e91
5013401 (base 6) to base 16
39769
452006 (base 8) to base 15
30322
What is 20422100 (base 5) in base 10?
170275
-10545241 (base 7) to base 16
-e05f0
Convert 6023697 (base 10) to base 3.
102100000221220
Convert 3148a (base 13) to base 14.
24458
Convert 131930 (base 14) to base 10.
657622
What is -12857175 (base 9) in base 13?
-1417232
22002413 (base 5) to base 14
4c666
What is -3162323 (base 7) in base 16?
-5dff2
Convert 241351 (base 7) to base 13.
16bac
What is 11121020211200 (base 3) in base 2?
1001010101000101101110
332201103 (base 4) to base 10
256083
What is -1828165 (base 10) in base 16?
-1be545
1e7fc (base 16) to base 2
11110011111111100
113aa7 (base 14) to base 8
2171523
What is -12111221121121 (base 3) in base 5?
-1222304012
-a615ab (base 12) to base 4
-21332200103
What is -114341505 (base 6) in base 8?
-10230161
Convert -21100121332 (base 4) to base 6.
-124001434
What is -21202303 (base 5) in base 2?
-101011100100010101
-7a6c5 (base 13) to base 7
-1616233
Convert -5040242 (base 6) to base 16.
-3a3e2
What is -100101100011011011 (base 2) in base 9?
-254000
-32ba (base 12) to base 7
-22240
Convert -146240 (base 9) to base 14.
-24a6d
What is -9ca372 (base 14) in base 13?
-1147a94
-3302312 (base 5) to base 10
-56582
What is 446832 (base 9) in base 12?
10a96b
What is 2440201 (base 6) in base 3?
20120212201
Convert 5541506 (base 7) to base 11.
426835
Convert 20323322330 (base 4) to base 15.
314178
-1003240404 (base 5) to base 7
-23034501
What is -11020022212 (base 3) in base 12?
-40295
What is a0477 (base 15) in base 9?
852744
Convert -114377 (base 10) to base 3.
-12210220012
Convert b8775 (base 14) to base 2.
1101100111000110011
Convert -1010101000100100111 (base 2) to base 15.
-6d3a5
Convert -132003113 (base 4) to base 2.
-11110000011010111
What is 1002102220 (base 3) in base 2?
101001111010110
Convert 12667b6 (base 12) to base 9.
6726113
Convert 212355 (base 9) to base 12.
611a2
Convert -5ab22 (base 14) to base 15.
-45a56
What is -2660217 (base 10) in base 6?
-133003453
20001220112 (base 3) to base 12
59195
Convert 1011100000001000101 (base 2) to base 5.
44030101
aee591 (base 15) to base 12
2968917
What is -5270543 (base 10) in base 3?
-100220202211022
-364641 (base 7) to base 3
-10101020210
What is 442289 (base 12) in base 16?
108309
What is 16bb91 (base 14) in base 6?
25055203
Convert -3b925 (base 15) to base 14.
-4d8b2
What is 5ad4a (base 16) in base 6?
11550230
Convert -a828 (base 12) to base 10.
-18464
-25016156 (base 7) to base 6
-120001452
Convert -229435 (base 11) to base 9.
-614136
Convert -33cd5c (base 15) to base 11.
-143a428
14032606 (base 7) to base 2
100111101111100111000
-12564115 (base 8) to base 11
-1650757
Convert -4c71c5 (base 16) to base 12.
-1817285
501649 (base 12) to base 9
2310263
1351211 (base 7) to base 3
100011122002
What is -228903 (base 12) in base 4?
-2013110103
Convert -19bcd6 (base 15) to base 11.
-787a13
22a83 (base 12) to base 5
2441332
Convert -44b524 (base 16) to base 10.
-4502820
-31345531 (base 6) to base 15
-13173a
What is 23099 (base 15) in base 3?
12122222100
Convert -14424404 (base 5) to base 14.
-4069d
What is -687046 (base 15) in base 12?
-1804979
Convert -101201120221012 (base 3) to base 16.
-56f9a2
-1aaea (base 16) to base 13
-3a98c
What is -335084 (base 11) in base 15?
-a8283
What is 101011000100110001 (base 2) in base 6?
3440453
31226742 (base 8) to base 9
13425766
What is 71050 (base 9) in base 3?
2101001200
Convert -33220203221 (base 4) to base 2.
-1111101000100011101001
22201120 (base 3) to base 5
200420
Convert 2c391 (base 16) to base 12.
889a9
What is -5a5699 (base 11) in base 10?
-959154
Convert -54663b (base 12) to base 13.
-37b257
220201321 (base 4) to base 11
1037a8
What is -2212132140 (base 5) in base 3?
-100000222100011
What is 4421103 (base 5) in base 11?
52448
372973 (base 11) to base 6
20345011
Convert -21222112220111 (base 3) to base 5.
-2041231322
What is -52393 (base 15) in base 12?
-106a40
-22040242 (base 5) to base 11
-11a893
What is -2589924 (base 11) in base 12?
-15bb947
What is f90f (base 16) in base 8?
174417
Convert 4032360 (base 9) to base 7.
24152031
Convert 101100010110001111000 (base 2) to base 14.
29b824
What is 236873 (base 9) in base 15?
2c4e9
-120011220120 (base 3) to base 8
-1107510
Convert 15957b (base 16) to base 4.
11121111323
aab6 (base 16) to base 2
1010101010110110
4342a (base 12) to base 9
144647
What is 1002021131 (base 4) in base 12?
110965
322522023 (base 6) to base 10
5733951
Convert -303121233 (base 4) to base 12.
-a1a13
Convert -41241132 (base 5) to base 8.
-1222222
What is -22132455 (base 6) in base 11?
-414a73
-175100 (base 10) to base 9
-286165
-12e1d (base 16) to base 3
-10221002111
Convert 78221 (base 12) to base 14.
4209b
-101221002022120 (base 3) to base 14
-ab2978
Convert 131233303 (base 4) to base 7.
1015141
Convert 1083871 (base 9) to base 16.
8f44c
-120103131 (base 5) to base 7
-4451466
Convert -20022012221101 (base 3) to base 4.
-30301332220
Convert -32220421 (base 5) to base 4.
-1002231110
Convert -d3cb (base 14) to base 4.
-20321113
-3d7b0a (base 16) to base 9
-7521012
Convert 4d337b (base 16) to base 15.
69e16b
What is 1001001110101001 (base 2) in base 8?
111651
1465885 (base 12) to base 10
4115621
Convert -6319b (base 13) to base 15.
-37c39
-24321214 (base 5) to base 10
-229559
Convert -1646446 (base 7) to base 13.
-80b2a
Convert 189010 (base 13) to base 2.
10010111010000101111
2211102020 (base 3) to base 10
55707
Convert -222868 (base 9) to base 8.
-404414
Convert -146456 (base 12) to base 7.
-2625243
What is -97350 (base 12) in base 8?
-605054
13333210 (base 5) to base 4
201113220
What is 22415401 (base 6) in base 9?
1256111
What is -40116151 (base 7) in base 15?
-45759d
What is 1555031 (base 6) in base 5?
10434430
Convert 465626 (base 7) to base 5.
10134123
-262412 (base 7) to base 8
-137417
What is -141610 (base 12) in base 4?
-1101220230
What is -122da1 (base 14) in base 6?
-21203253
353c78 (base 14) to base 11
103062a
a60b17 (base 12) to base 11
1526212
-6a395 (base 15) to base 3
-122012002012
-40448 (base 13) to base 12
-56658
Convert 325b0 (base 14) to base 5.
12344440
Convert -205312253 (base 7) to base 4.
-232123203203
What is -4116471 (base 9) in base 4?
-20120022220
What is 33103231 (base 4) in base 14?
18bc9
What is -344010222 (base 5) in base 3?
-2220121212010
-13d54 (base 14) to base 6
-1020034
What is 1413321240 (base 5) in base 7?
43015420
Convert -29332f (base 16) to base 8.
-12231457
Convert 15c31 (base 16) to base 9.
145241
-10123550 (base 8) to base 2
-1000001010011101101000
Convert 1985a0 (base 11) to base 3.
120110021001
Convert 3080673 (base 10) to base 3.
12210111220000
-897879 (base 10) to base 15
-12b089
Convert -130267 (base 11) to base 6.
-4222225
What is -4277862 (base 9) in base 6?
-121111432
3104131 (base 6) to base 2
100100010010110111
What is -430221344 (base 5) in base 13?
-4b2514
Convert -14491b (base 12) to base 15.
-6ab22
Convert 3155461 (base 7) to base 9.
644317
322301301 (base 4) to base 7
2021622
What is -4140102 (base 10) in base 2?
-1111110010110001000110
Convert -13982 (base 14) to base 9.
-73507
Convert -95352 (base 16) to base 9.
-1131310
Convert -203010023 (base 4) to base 16.
-2310b
-2286b (base 12) to base 11
-31757
102121523 (base 6) to base 14
346079
Convert 6a409 (base 12) to base 14.
39bcd
4fd (base 16) to base 3
1202022
What is -16ddd (base 16) in base 15?
-1cb41
Convert -14102130 (base 5) to base 14.
-3a6c8
-11222110100 (base 3) to base 9
-158410
Convert 212021101 (base 3) to base 5.
1020331
What is -5662671 (base 8) in base 5?
-343031434
1555663 (base 8) to base 16
6dbb3
What is 19094 (base 16) in base 7?
604655
What is -40441245 (base 6) in base 3?
-2011202012202
-397ba5 (base 13) to base 15
-1c6536
-5560367 (base 8) to base 4
-11232003313
What is 2606473 (base 8) in base 7?
6104420
Convert 4a15c (base 14) to base 5.
21301012
Convert 11020011211 (base 3) to base 8.
242444
Convert -2bbc66 (base 15) to base 5.
-1020144141
-1685